{"id":275,"date":"2022-12-16T07:13:58","date_gmt":"2022-12-16T07:13:58","guid":{"rendered":"http:\/\/www.rohkeudentiella.fi\/?page_id=275"},"modified":"2025-02-08T14:07:32","modified_gmt":"2025-02-08T14:07:32","slug":"275-2","status":"publish","type":"page","link":"https:\/\/www.rohkeudentiella.fi\/?page_id=275","title":{"rendered":""},"content":{"rendered":"\n<div class=\"wp-block-media-text alignfull is-stacked-on-mobile is-vertically-aligned-center is-image-fill-element has-background\" style=\"background-color:#3b3b3b;grid-template-columns:34% auto\"><figure class=\"wp-block-media-text__media\"><img loading=\"lazy\" decoding=\"async\" width=\"768\" height=\"1024\" src=\"https:\/\/www.rohkeudentiella.fi\/wp-content\/uploads\/2022\/12\/60871ff0-c133-4b71-a369-d8bb3e95ab6f-768x1024.jpg\" alt=\"\" class=\"wp-image-313 size-full\" style=\"object-position:50% 50%\" srcset=\"https:\/\/www.rohkeudentiella.fi\/wp-content\/uploads\/2022\/12\/60871ff0-c133-4b71-a369-d8bb3e95ab6f-768x1024.jpg 768w, https:\/\/www.rohkeudentiella.fi\/wp-content\/uploads\/2022\/12\/60871ff0-c133-4b71-a369-d8bb3e95ab6f-225x300.jpg 225w, https:\/\/www.rohkeudentiella.fi\/wp-content\/uploads\/2022\/12\/60871ff0-c133-4b71-a369-d8bb3e95ab6f-1152x1536.jpg 1152w, https:\/\/www.rohkeudentiella.fi\/wp-content\/uploads\/2022\/12\/60871ff0-c133-4b71-a369-d8bb3e95ab6f.jpg 1536w\" sizes=\"auto, (max-width: 768px) 100vw, 768px\" \/><\/figure><div class=\"wp-block-media-text__content\">\n<div class=\"wp-block-group has-text-color is-layout-flow wp-block-group-is-layout-flow\" style=\"color:#f2f3f5;padding-top:2em;padding-right:2em;padding-bottom:2em;padding-left:2em\">\n<h2 class=\"wp-block-heading has-text-align-center has-text-color has-dm-sans-font-family has-x-large-font-size\" style=\"color:#f2f3f5;font-style:normal;font-weight:200;letter-spacing:3px\"><strong>Hinnasto<\/strong><\/h2>\n\n\n\n<p class=\"has-text-align-center has-dm-sans-font-family\" style=\"font-size:clamp(14px, 0.875rem + ((1vw - 3.2px) * 0.682), 20px);font-style:normal;font-weight:400\">Tarjoamme palveluita Sein\u00e4joella, Sein\u00e4joen Ylistarossa, et\u00e4vastaanottona sek\u00e4 r\u00e4\u00e4t\u00e4l\u00f6idysti eri tilaisuuksissa ymp\u00e4ri Suomen.<\/p>\n\n\n\n<div class=\"wp-block-columns is-layout-flex wp-container-core-columns-is-layout-1 wp-block-columns-is-layout-flex\">\n<div class=\"wp-block-column is-layout-flow wp-block-column-is-layout-flow\">\n<div class=\"wp-block-group has-dm-sans-font-family has-medium-font-size is-layout-flow wp-container-core-group-is-layout-1 wp-block-group-is-layout-flow\" style=\"padding-top:10px;padding-bottom:10px;font-style:normal;font-weight:100\">\n<hr class=\"wp-block-separator has-alpha-channel-opacity is-style-wide\"\/>\n\n\n\n<h4 class=\"wp-block-heading has-text-align-center has-text-color\" style=\"color:#f2f3f5;font-size:clamp(0.875rem, 0.875rem + ((1vw - 0.2rem) * 0.409), 1.1rem);letter-spacing:2px\">Yksil\u00f6terapia<\/h4>\n\n\n\n<p class=\"has-text-align-center has-ast-global-color-3-color has-text-color has-small-font-size\">65 euroa \/ 60 minuuttia <\/p>\n<\/div>\n<\/div>\n\n\n\n<div class=\"wp-block-column is-layout-flow wp-block-column-is-layout-flow\">\n<div class=\"wp-block-group has-dm-sans-font-family is-layout-flow wp-container-core-group-is-layout-2 wp-block-group-is-layout-flow\" style=\"padding-top:10px;padding-right:0px;padding-bottom:10px;padding-left:0px\">\n<hr class=\"wp-block-separator has-alpha-channel-opacity is-style-wide\"\/>\n\n\n\n<h4 class=\"wp-block-heading has-text-align-center has-text-color\" style=\"color:#f2f3f5;font-size:clamp(0.875rem, 0.875rem + ((1vw - 0.2rem) * 0.409), 1.1rem);letter-spacing:2px\">Pareille ja perheille<\/h4>\n\n\n\n<h4 class=\"wp-block-heading has-text-align-center has-text-color has-small-font-size\" style=\"color:#f2f3f5;letter-spacing:2px\">120 euroa \/ 60 minuuttia<\/h4>\n<\/div>\n<\/div>\n<\/div>\n\n\n\n<div class=\"wp-block-columns is-layout-flex wp-container-core-columns-is-layout-2 wp-block-columns-is-layout-flex\">\n<div class=\"wp-block-column is-layout-flow wp-block-column-is-layout-flow\">\n<div class=\"wp-block-group is-layout-flow wp-container-core-group-is-layout-3 wp-block-group-is-layout-flow\" style=\"padding-top:10px;padding-bottom:10px\">\n<hr class=\"wp-block-separator has-alpha-channel-opacity is-style-wide\"\/>\n\n\n\n<h4 class=\"wp-block-heading has-text-align-center has-text-color has-dm-sans-font-family\" style=\"color:#f2f3f5;font-size:clamp(0.875rem, 0.875rem + ((1vw - 0.2rem) * 0.409), 1.1rem);letter-spacing:2px\">Seksuaalineuvonta<\/h4>\n\n\n\n<p class=\"has-text-align-center has-ast-global-color-3-color has-text-color has-dm-sans-font-family has-small-font-size\">65 euroa \/ 60 minuuttia<\/p>\n<\/div>\n<\/div>\n\n\n\n<div class=\"wp-block-column is-layout-flow wp-block-column-is-layout-flow\">\n<div class=\"wp-block-group is-layout-flow wp-container-core-group-is-layout-4 wp-block-group-is-layout-flow\" style=\"padding-top:10px;padding-bottom:10px\">\n<hr class=\"wp-block-separator has-alpha-channel-opacity is-style-wide\"\/>\n\n\n\n<p class=\"has-text-align-center has-ast-global-color-3-color has-text-color has-dm-sans-font-family\" style=\"letter-spacing:1.5px\"><\/p>\n<\/div>\n<\/div>\n<\/div>\n\n\n\n<p class=\"has-text-align-center\"><strong>Maksutapoina k\u00e4y Mobilepay, lasku ja tilisiirto.<\/strong><\/p>\n<\/div>\n<\/div><\/div>\n\n\n\n<div class=\"wp-block-columns is-layout-flex wp-container-core-columns-is-layout-3 wp-block-columns-is-layout-flex\">\n<div class=\"wp-block-column is-vertically-aligned-center has-text-color is-layout-flow wp-block-column-is-layout-flow\" style=\"color:#3b3b3b\">\n<h2 class=\"wp-block-heading has-text-align-center has-primary-color has-text-color has-large-font-size\">Ota yhteytt\u00e4 ja varaa aika!<\/h2>\n\n\n<div class=\"wpforms-container wpforms-container-full wpforms-block wpforms-block-c018d906-f26c-4df5-b8b4-fe7eaf3cae55\" id=\"wpforms-295\"><form id=\"wpforms-form-295\" class=\"wpforms-validate wpforms-form wpforms-ajax-form\" data-formid=\"295\" method=\"post\" enctype=\"multipart\/form-data\" action=\"\/index.php?rest_route=%2Fwp%2Fv2%2Fpages%2F275\" data-token=\"c7fbc47d99df2942f770d7481fc6d926\" data-token-time=\"1778244743\"><noscript class=\"wpforms-error-noscript\">Please enable JavaScript in your browser to complete this form.<\/noscript><div class=\"wpforms-field-container\"><div id=\"wpforms-295-field_1-container\" class=\"wpforms-field wpforms-field-name\" data-field-id=\"1\"><label class=\"wpforms-field-label\" for=\"wpforms-295-field_1\"> Nimi <span class=\"wpforms-required-label\">*<\/span><\/label><input type=\"text\" id=\"wpforms-295-field_1\" class=\"wpforms-field-medium wpforms-field-required\" name=\"wpforms[fields][1]\" required><\/div><div id=\"wpforms-295-field_2-container\" class=\"wpforms-field wpforms-field-email\" data-field-id=\"2\"><label class=\"wpforms-field-label\" for=\"wpforms-295-field_2\">S\u00e4hk\u00f6postiosoite <span class=\"wpforms-required-label\">*<\/span><\/label><input type=\"email\" id=\"wpforms-295-field_2\" class=\"wpforms-field-medium wpforms-field-required\" name=\"wpforms[fields][2]\" spellcheck=\"false\" required><\/div><div id=\"wpforms-295-field_3-container\" class=\"wpforms-field wpforms-field-number\" data-field-id=\"3\"><label class=\"wpforms-field-label\" for=\"wpforms-295-field_3\">Puhelinnumero <span class=\"wpforms-required-label\">*<\/span><\/label><input type=\"number\" id=\"wpforms-295-field_3\" class=\"wpforms-field-medium wpforms-field-required\" name=\"wpforms[fields][3]\" step=\"any\" required><\/div><div id=\"wpforms-295-field_6-container\" class=\"wpforms-field wpforms-field-radio\" data-field-id=\"6\"><label class=\"wpforms-field-label\">Haluan, ett\u00e4 minuun on yhteydess\u00e4<\/label><ul id=\"wpforms-295-field_6\"><li class=\"choice-1 depth-1\"><input type=\"radio\" id=\"wpforms-295-field_6_1\" name=\"wpforms[fields][6]\" value=\"Kumpi tahansa\"  ><label class=\"wpforms-field-label-inline\" for=\"wpforms-295-field_6_1\">Kumpi tahansa<\/label><\/li><li class=\"choice-2 depth-1\"><input type=\"radio\" id=\"wpforms-295-field_6_2\" name=\"wpforms[fields][6]\" value=\"Terhi\"  ><label class=\"wpforms-field-label-inline\" for=\"wpforms-295-field_6_2\">Terhi<\/label><\/li><li class=\"choice-3 depth-1\"><input type=\"radio\" id=\"wpforms-295-field_6_3\" name=\"wpforms[fields][6]\" value=\"Mira\"  ><label class=\"wpforms-field-label-inline\" for=\"wpforms-295-field_6_3\">Mira<\/label><\/li><\/ul><\/div><div id=\"wpforms-295-field_4-container\" class=\"wpforms-field wpforms-field-textarea\" data-field-id=\"4\"><label class=\"wpforms-field-label\" for=\"wpforms-295-field_4\">Viesti<\/label><textarea id=\"wpforms-295-field_4\" class=\"wpforms-field-medium\" name=\"wpforms[fields][4]\" ><\/textarea><\/div><\/div><!-- .wpforms-field-container --><div class=\"wpforms-submit-container\" ><input type=\"hidden\" name=\"wpforms[id]\" value=\"295\"><input type=\"hidden\" name=\"page_title\" value=\"\"><input type=\"hidden\" name=\"page_url\" value=\"https:\/\/www.rohkeudentiella.fi\/index.php?rest_route=\/wp\/v2\/pages\/275\"><input type=\"hidden\" name=\"url_referer\" value=\"\"><button type=\"submit\" name=\"wpforms[submit]\" id=\"wpforms-submit-295\" class=\"wpforms-submit\" data-alt-text=\"L\u00e4hett\u00e4\u00e4..\" data-submit-text=\"L\u00e4het\u00e4\" aria-live=\"assertive\" value=\"wpforms-submit\">L\u00e4het\u00e4<\/button><img loading=\"lazy\" decoding=\"async\" src=\"https:\/\/www.rohkeudentiella.fi\/wp-content\/plugins\/wpforms-lite\/assets\/images\/submit-spin.svg\" class=\"wpforms-submit-spinner\" style=\"display: none;\" width=\"26\" height=\"26\" alt=\"Loading\"><\/div><\/form><\/div>  <!-- .wpforms-container --><\/div>\n<\/div>\n","protected":false},"excerpt":{"rendered":"<p>Ota yhteytt\u00e4 ja varaa aika!<\/p>\n","protected":false},"author":1,"featured_media":0,"parent":0,"menu_order":0,"comment_status":"closed","ping_status":"closed","template":"","meta":{"_monsterinsights_skip_tracking":false,"_monsterinsights_sitenote_active":false,"_monsterinsights_sitenote_note":"","_monsterinsights_sitenote_category":0,"_themeisle_gutenberg_block_has_review":false,"footnotes":""},"class_list":["post-275","page","type-page","status-publish","hentry"],"aioseo_notices":[],"_links":{"self":[{"href":"https:\/\/www.rohkeudentiella.fi\/index.php?rest_route=\/wp\/v2\/pages\/275","targetHints":{"allow":["GET"]}}],"collection":[{"href":"https:\/\/www.rohkeudentiella.fi\/index.php?rest_route=\/wp\/v2\/pages"}],"about":[{"href":"https:\/\/www.rohkeudentiella.fi\/index.php?rest_route=\/wp\/v2\/types\/page"}],"author":[{"embeddable":true,"href":"https:\/\/www.rohkeudentiella.fi\/index.php?rest_route=\/wp\/v2\/users\/1"}],"replies":[{"embeddable":true,"href":"https:\/\/www.rohkeudentiella.fi\/index.php?rest_route=%2Fwp%2Fv2%2Fcomments&post=275"}],"version-history":[{"count":22,"href":"https:\/\/www.rohkeudentiella.fi\/index.php?rest_route=\/wp\/v2\/pages\/275\/revisions"}],"predecessor-version":[{"id":588,"href":"https:\/\/www.rohkeudentiella.fi\/index.php?rest_route=\/wp\/v2\/pages\/275\/revisions\/588"}],"wp:attachment":[{"href":"https:\/\/www.rohkeudentiella.fi\/index.php?rest_route=%2Fwp%2Fv2%2Fmedia&parent=275"}],"curies":[{"name":"wp","href":"https:\/\/api.w.org\/{rel}","templated":true}]}}