{"id":15,"date":"2022-11-30T10:02:31","date_gmt":"2022-11-30T10:02:31","guid":{"rendered":"http:\/\/www.rohkeudentiella.fi\/?page_id=15"},"modified":"2025-02-08T13:48:05","modified_gmt":"2025-02-08T13:48:05","slug":"terapeutit","status":"publish","type":"page","link":"https:\/\/www.rohkeudentiella.fi\/?page_id=15","title":{"rendered":""},"content":{"rendered":"\n<div class=\"wp-block-group alignfull has-text-color has-background has-global-padding is-layout-constrained wp-block-group-is-layout-constrained\" style=\"color:#f2f2f5;background-color:#3b3b3b\">\n<div class=\"wp-block-columns alignwide is-layout-flex wp-container-core-columns-is-layout-1 wp-block-columns-is-layout-flex\">\n<div class=\"wp-block-column is-layout-flow wp-block-column-is-layout-flow\">\n<div class=\"wp-block-group alignwide has-ast-global-color-5-background-color has-background has-global-padding is-layout-constrained wp-container-core-group-is-layout-1 wp-block-group-is-layout-constrained\" style=\"padding-top:0px;padding-right:0px;padding-bottom:0px;padding-left:0px\">\n<div class=\"wp-block-media-text alignwide has-media-on-the-right is-stacked-on-mobile has-base-color has-text-color has-background has-link-color wp-elements-01dce7fde52b2db26f8c0400f85bd95d\" style=\"background-color:#3b3b3b;grid-template-columns:auto 45%\"><div class=\"wp-block-media-text__content\">\n<h2 class=\"wp-block-heading has-text-align-center has-base-color has-text-color has-dm-sans-font-family has-x-large-font-size\" style=\"letter-spacing:3px;text-transform:uppercase\">Terhi Kangas<\/h2>\n\n\n\n<p class=\"has-text-align-center has-tertiary-color has-text-color has-medium-font-size\"><em>Olet t\u00e4ss\u00e4- toiminimeni Rohkeudentiell\u00e4 on saanut ajatuksen aikana, kun itse tarvitsin keskusteluapua. Sain lohtua ajatuksesta, kunhan tulen itse ensin vahvemmaksi, tulen kuuntelemaan, kohtaamaan ja tukemaan heit\u00e4 jotka apua toisinaan tarvitsevat. Koen, ett\u00e4 parhaimmillaan tukea voi saada sellaiselta, joka on itsekin tarvinnut apua el\u00e4m\u00e4n mittaisella matkalla.   <\/em><\/p>\n\n\n\n<p class=\"has-text-align-center has-tertiary-color has-text-color has-medium-font-size\">Vahvuuteni on l\u00f6yt\u00e4\u00e4 sinun vahvuutesi. Olen tukenasi el\u00e4m\u00e4nmuutoksessa, suunnan tarkastelussa, oman kehosi kunnioittamisessa. Olen sinua varten kun haluat kuunnella itse\u00e4si ja olet valmis yritt\u00e4m\u00e4\u00e4n ja ylitt\u00e4m\u00e4\u00e4n itsesi.<\/p>\n\n\n<div ><style>#sp-ea-56 .spcollapsing { height: 0; overflow: hidden; transition-property: height;transition-duration: 300ms;}#sp-ea-56.sp-easy-accordion>.sp-ea-single {margin-bottom: 10px; border: 1px solid #e2e2e2; }#sp-ea-56.sp-easy-accordion>.sp-ea-single>.ea-header a {color: #444;}#sp-ea-56.sp-easy-accordion>.sp-ea-single>.sp-collapse>.ea-body {background: #fff; color: #444;}#sp-ea-56.sp-easy-accordion>.sp-ea-single {background: #eee;}#sp-ea-56.sp-easy-accordion>.sp-ea-single>.ea-header a .ea-expand-icon { float: right; color: #f2f3f5;font-size: 16px;}#sp-ea-56.sp-easy-accordion>.sp-ea-single>.ea-header a .ea-expand-icon {margin-right: 0;}<\/style><div id=\"sp_easy_accordion-1735382714\"><div id=\"sp-ea-56\" class=\"sp-ea-one sp-easy-accordion\" data-ea-active=\"ea-click\" data-ea-mode=\"vertical\" data-preloader=\"\" data-scroll-active-item=\"\" data-offset-to-scroll=\"0\"><div class=\"ea-card sp-ea-single\"><h3 class=\"ea-header\"><a class=\"collapsed\" id=\"ea-header-560\" role=\"button\" data-sptoggle=\"spcollapse\" data-sptarget=\"#collapse560\" aria-controls=\"collapse560\" href=\"#\" aria-expanded=\"false\" tabindex=\"0\"><i aria-hidden=\"true\" role=\"presentation\" class=\"ea-expand-icon eap-icon-ea-expand-plus\"><\/i> Olet t\u00e4ss\u00e4 &#8211; Terhi Kangas<\/a><\/h3><div class=\"sp-collapse spcollapse spcollapse\" id=\"collapse560\" data-parent=\"#sp-ea-56\" role=\"region\" aria-labelledby=\"ea-header-560\"> <div class=\"ea-body\"><p style=\"text-align: center\"><span style=\"font-family: helvetica\"><em>Kappas vuori, nyt kiivet\u00e4\u00e4n<\/em>&#8221;- asenne on kuljettanut minua periksiantamattomalla sisulla,<\/span><br \/><span style=\"font-family: helvetica\">empaattisilla kohtaamisilla,<\/span><br \/><span style=\"font-family: helvetica\">toiveikkailla tulevaisuudenn\u00e4kymill\u00e4.<\/span><\/p><p><span style=\"font-family: helvetica\"><strong>Olen ty\u00f6skennellyt monipuolisesti eri sosiaali &#8211; ja terveydenhuollossa mm<\/strong>.;<\/span><br \/><span style=\"font-family: helvetica\">vammaisty\u00f6ss\u00e4 lasten ja aikuisten parissa,<\/span><br \/><span style=\"font-family: helvetica\">varhaiskasvatuksen opettajana,<\/span><br \/><span style=\"font-family: helvetica\">varhaiskasvatuksen esihenkil\u00f6ty\u00f6ss\u00e4,<\/span><br \/><span style=\"font-family: helvetica\">lastensuojeluty\u00f6ss\u00e4 laitoksissa ja perheohjaajana,<\/span><br \/><span style=\"font-family: helvetica\">hankety\u00f6ntekij\u00e4n\u00e4,<\/span><br \/><span style=\"font-family: helvetica\">kriisi- ja v\u00e4kivaltaty\u00f6ss\u00e4,<\/span><br \/><span style=\"font-family: helvetica\">UNICEF lapsiyst\u00e4v\u00e4llinen kunta mallin koordinaattorina ja<\/span><br \/><span style=\"font-family: helvetica\">Tulevaisuuden sote-keskus hankkeessa Etel\u00e4-Pohjanmaan alueella perhekeskuskoordinaattorina.<\/span><\/p><p style=\"text-align: center\"><span style=\"font-family: helvetica\">Eniten el\u00e4m\u00e4st\u00e4 olen oppinut aikana, kun toivoin saada tulla \u00e4idiksi.<\/span><br \/><span style=\"font-family: helvetica\">Toiveista suurimman toteuduttua koen vanhemmuuteni muuttaneen minua yh\u00e4 vastuuntuntoisemmaksi<\/span><br \/><span style=\"font-family: helvetica\">ja uteliaammaksi ottamiaan selv\u00e4\u00e4 miten meid\u00e4n tulisi t\u00e4\u00e4ll\u00e4, ainutkertaisella el\u00e4m\u00e4n ajanjaksolla, aikamme viett\u00e4\u00e4.<\/span><\/p><p style=\"text-align: center\"><span style=\"font-family: helvetica\">L\u00e4hdin tutkimaan omaa sisint\u00e4ni ja kiinnostuin syvemmin mielen voimasta ja itsetuntemuksesta sek\u00e4 omaan kehoon luottamisesta.<\/span><\/p><p>&nbsp;<\/p><p><span style=\"font-family: helvetica\">Olet t\u00e4ss\u00e4- matkalla kanssasi voimme rakentaa ratkaisukeskeist\u00e4 lyhytterapiaa joko yksil\u00f6llisesti vain sinun polullasi tai yhdess\u00e4 puolisosi kanssa. Voimme rakentaa matkan sen mittaiseksi, milt\u00e4 se sinusta tuntuu. <strong>Toiveet, unelmat ja hyvinvoinnin eri teemat, menetykset, el\u00e4m\u00e4nvaiheen erilaiset prosessit, mahdollisuuksien rakentaminen tai irrottaminen. Mit\u00e4 tahansa el\u00e4m\u00e4 tuokaan vastaan.<\/strong> Ratkaisukeskeinen lyhytterapia on avain lukkoosi ja unelmien \u00e4\u00e4neen sanoittamiseen.\u00a0<\/span><\/p><p>&nbsp;<\/p><\/div><\/div><\/div><div class=\"ea-card sp-ea-single\"><h3 class=\"ea-header\"><a class=\"collapsed\" id=\"ea-header-561\" role=\"button\" data-sptoggle=\"spcollapse\" data-sptarget=\"#collapse561\" aria-controls=\"collapse561\" href=\"#\" aria-expanded=\"false\" tabindex=\"0\"><i aria-hidden=\"true\" role=\"presentation\" class=\"ea-expand-icon eap-icon-ea-expand-plus\"><\/i> Koulutukseni<\/a><\/h3><div class=\"sp-collapse spcollapse spcollapse\" id=\"collapse561\" data-parent=\"#sp-ea-56\" role=\"region\" aria-labelledby=\"ea-header-561\"> <div class=\"ea-body\"><ul><li style=\"text-align: left\">L\u00e4hihoitaja 2007<\/li><li style=\"text-align: left\">Sosionomi (AMK) 2012<\/li><li style=\"text-align: left\">Johtamisen erikoisammattitutkinto 2015<\/li><li style=\"text-align: left\">Vapaaehtoinen doula 2016<\/li><li style=\"text-align: left\">Seksuaalineuvoja 2023<\/li><li style=\"text-align: left\">Ratkaisukeskeinen lyhytterapeutti 2024<\/li><li>Sosionomi (yAMK) opiskelija, lapsi &#8211; ja perhepalveluiden kehitt\u00e4minen, 2024-<\/li><\/ul><p><\/p><\/div><\/div><\/div><div class=\"ea-card sp-ea-single\"><h3 class=\"ea-header\"><a class=\"collapsed\" id=\"ea-header-562\" role=\"button\" data-sptoggle=\"spcollapse\" data-sptarget=\"#collapse562\" aria-controls=\"collapse562\" href=\"#\" aria-expanded=\"false\" tabindex=\"0\"><i aria-hidden=\"true\" role=\"presentation\" class=\"ea-expand-icon eap-icon-ea-expand-plus\"><\/i> Olen tukenasi<\/a><\/h3><div class=\"sp-collapse spcollapse spcollapse\" id=\"collapse562\" data-parent=\"#sp-ea-56\" role=\"region\" aria-labelledby=\"ea-header-562\"> <div class=\"ea-body\"><blockquote><p style=\"text-align: left\"><span style=\"font-family: helvetica\">El\u00e4m\u00e4 on t\u00e4ynn\u00e4 vaiheita, erilaisia tilanteita ja joskus voi tulla jopa ep\u00e4toivoiselta n\u00e4ytt\u00e4ytyvi\u00e4 hetki\u00e4 ja vastoink\u00e4ymisi\u00e4.<\/span><br \/><span style=\"font-family: helvetica\">Mieli yritt\u00e4\u00e4 pysy\u00e4 aallokossa mukana ja kompassi py\u00f6rii v\u00e4lill\u00e4 kartalla ympyr\u00e4\u00e4 ja on vaikea hahmottaa miss\u00e4 oma paikka kulloinkin on.<\/span><\/p><p style=\"text-align: center\"><strong><span style=\"font-family: helvetica\">Ratkaisukeskeinen lyhytterapia auttaa l\u00f6yt\u00e4m\u00e4\u00e4n oman paikan ja<\/span><\/strong><br \/><strong><span style=\"font-family: helvetica\">hahmottamaan oman el\u00e4m\u00e4n suuntaviivoja yh\u00e4 kirkkaammin.<\/span><\/strong><\/p><p style=\"text-align: left\"><span style=\"font-family: helvetica\">Olen toteuttanut erilaisia luentokokonaisuuksia arjessa jaksamisen, parisuhteen voimavarojen,<\/span><br \/><span style=\"font-family: helvetica\">voimattomuuden, arvopohjan ja uusien n\u00e4k\u00f6kulmien etsimisen \u00e4\u00e4rell\u00e4 erilaisille ryhmille.<\/span><\/p><p style=\"text-align: left\"><\/blockquote><p style=\"text-align: left\"><\/div><\/div><\/div><\/div><\/div><\/div>\n\n\n<p class=\"has-text-align-center has-tertiary-color has-text-color has-medium-font-size\"><em>Pohditko paikkaasi t\u00e4ll\u00e4 el\u00e4m\u00e4n kartalla? Millaiset vahvuudet sinua kuljettavat? Voisinko olla apunasi l\u00f6yt\u00e4m\u00e4ss\u00e4 mihin tiesi vie?\ud83e\udd0d<\/em><\/p>\n\n\n\n<p class=\"has-text-align-center has-tertiary-color has-text-color has-dm-sans-font-family has-medium-font-size\" style=\"letter-spacing:3px\"><br><strong>Tervetuloa asiakkaakseni.<\/strong><\/p>\n<\/div><figure class=\"wp-block-media-text__media\"><img loading=\"lazy\" decoding=\"async\" width=\"459\" height=\"1024\" src=\"https:\/\/www.rohkeudentiella.fi\/wp-content\/uploads\/2025\/02\/omakuva-459x1024.jpg\" alt=\"\" class=\"wp-image-581 size-full\" srcset=\"https:\/\/www.rohkeudentiella.fi\/wp-content\/uploads\/2025\/02\/omakuva-459x1024.jpg 459w, https:\/\/www.rohkeudentiella.fi\/wp-content\/uploads\/2025\/02\/omakuva-134x300.jpg 134w, https:\/\/www.rohkeudentiella.fi\/wp-content\/uploads\/2025\/02\/omakuva-768x1715.jpg 768w, https:\/\/www.rohkeudentiella.fi\/wp-content\/uploads\/2025\/02\/omakuva-688x1536.jpg 688w, https:\/\/www.rohkeudentiella.fi\/wp-content\/uploads\/2025\/02\/omakuva-917x2048.jpg 917w, https:\/\/www.rohkeudentiella.fi\/wp-content\/uploads\/2025\/02\/omakuva.jpg 1080w\" sizes=\"auto, (max-width: 459px) 100vw, 459px\" \/><\/figure><\/div>\n<\/div>\n<\/div>\n<\/div>\n\n\n\n<p><\/p>\n<\/div>\n","protected":false},"excerpt":{"rendered":"<p>Terhi Kangas Olet t\u00e4ss\u00e4- toiminimeni Rohkeudentiell\u00e4 on saanut ajatuksen aikana, kun itse tarvitsin keskusteluapua. Sain lohtua ajatuksesta, kunhan tulen itse ensin vahvemmaksi, tulen kuuntelemaan, kohtaamaan ja tukemaan heit\u00e4 jotka apua toisinaan tarvitsevat. Koen, ett\u00e4 parhaimmillaan tukea voi saada sellaiselta, joka on itsekin tarvinnut apua el\u00e4m\u00e4n mittaisella matkalla. Vahvuuteni on l\u00f6yt\u00e4\u00e4 sinun vahvuutesi. Olen tukenasi el\u00e4m\u00e4nmuutoksessa, [&hellip;]<\/p>\n","protected":false},"author":1,"featured_media":0,"parent":0,"menu_order":0,"comment_status":"closed","ping_status":"closed","template":"","meta":{"_monsterinsights_skip_tracking":false,"_monsterinsights_sitenote_active":false,"_monsterinsights_sitenote_note":"","_monsterinsights_sitenote_category":0,"_themeisle_gutenberg_block_has_review":false,"footnotes":""},"class_list":["post-15","page","type-page","status-publish","hentry"],"aioseo_notices":[],"_links":{"self":[{"href":"https:\/\/www.rohkeudentiella.fi\/index.php?rest_route=\/wp\/v2\/pages\/15","targetHints":{"allow":["GET"]}}],"collection":[{"href":"https:\/\/www.rohkeudentiella.fi\/index.php?rest_route=\/wp\/v2\/pages"}],"about":[{"href":"https:\/\/www.rohkeudentiella.fi\/index.php?rest_route=\/wp\/v2\/types\/page"}],"author":[{"embeddable":true,"href":"https:\/\/www.rohkeudentiella.fi\/index.php?rest_route=\/wp\/v2\/users\/1"}],"replies":[{"embeddable":true,"href":"https:\/\/www.rohkeudentiella.fi\/index.php?rest_route=%2Fwp%2Fv2%2Fcomments&post=15"}],"version-history":[{"count":47,"href":"https:\/\/www.rohkeudentiella.fi\/index.php?rest_route=\/wp\/v2\/pages\/15\/revisions"}],"predecessor-version":[{"id":584,"href":"https:\/\/www.rohkeudentiella.fi\/index.php?rest_route=\/wp\/v2\/pages\/15\/revisions\/584"}],"wp:attachment":[{"href":"https:\/\/www.rohkeudentiella.fi\/index.php?rest_route=%2Fwp%2Fv2%2Fmedia&parent=15"}],"curies":[{"name":"wp","href":"https:\/\/api.w.org\/{rel}","templated":true}]}}

<div class="wp-block-group alignfull has-text-color has-background has-global-padding is-layout-constrained wp-block-group-is-layout-constrained" style="color:#f2f2f5;background-color:#3b3b3b">
<div class="wp-block-columns alignwide is-layout-flex wp-container-core-columns-is-layout-1 wp-block-columns-is-layout-flex">
<div class="wp-block-column is-layout-flow wp-block-column-is-layout-flow">
<div class="wp-block-group alignwide has-ast-global-color-5-background-color has-background has-global-padding is-layout-constrained wp-container-core-group-is-layout-1 wp-block-group-is-layout-constrained" style="padding-top:0px;padding-right:0px;padding-bottom:0px;padding-left:0px">
<div class="wp-block-media-text alignwide has-media-on-the-right is-stacked-on-mobile has-base-color has-text-color has-background has-link-color wp-elements-01dce7fde52b2db26f8c0400f85bd95d" style="background-color:#3b3b3b;grid-template-columns:auto 45%"><div class="wp-block-media-text__content">
<h2 class="wp-block-heading has-text-align-center has-base-color has-text-color has-dm-sans-font-family has-x-large-font-size" style="letter-spacing:3px;text-transform:uppercase">Terhi Kangas</h2>



<p class="has-text-align-center has-tertiary-color has-text-color has-medium-font-size"><em>Olet tässä- toiminimeni Rohkeudentiellä on saanut ajatuksen aikana, kun itse tarvitsin keskusteluapua. Sain lohtua ajatuksesta, kunhan tulen itse ensin vahvemmaksi, tulen kuuntelemaan, kohtaamaan ja tukemaan heitä jotka apua toisinaan tarvitsevat. Koen, että parhaimmillaan tukea voi saada sellaiselta, joka on itsekin tarvinnut apua elämän mittaisella matkalla.   </em></p>



<p class="has-text-align-center has-tertiary-color has-text-color has-medium-font-size">Vahvuuteni on löytää sinun vahvuutesi. Olen tukenasi elämänmuutoksessa, suunnan tarkastelussa, oman kehosi kunnioittamisessa. Olen sinua varten kun haluat kuunnella itseäsi ja olet valmis yrittämään ja ylittämään itsesi.</p>


<div ><style>#sp-ea-56 .spcollapsing { height: 0; overflow: hidden; transition-property: height;transition-duration: 300ms;}#sp-ea-56.sp-easy-accordion>.sp-ea-single {margin-bottom: 10px; border: 1px solid #e2e2e2; }#sp-ea-56.sp-easy-accordion>.sp-ea-single>.ea-header a {color: #444;}#sp-ea-56.sp-easy-accordion>.sp-ea-single>.sp-collapse>.ea-body {background: #fff; color: #444;}#sp-ea-56.sp-easy-accordion>.sp-ea-single {background: #eee;}#sp-ea-56.sp-easy-accordion>.sp-ea-single>.ea-header a .ea-expand-icon { float: right; color: #f2f3f5;font-size: 16px;}#sp-ea-56.sp-easy-accordion>.sp-ea-single>.ea-header a .ea-expand-icon {margin-right: 0;}</style><div id="sp_easy_accordion-1735382714"><div id="sp-ea-56" class="sp-ea-one sp-easy-accordion" data-ea-active="ea-click" data-ea-mode="vertical" data-preloader="" data-scroll-active-item="" data-offset-to-scroll="0"><div class="ea-card sp-ea-single"><h3 class="ea-header"><a class="collapsed" id="ea-header-560" role="button" data-sptoggle="spcollapse" data-sptarget="#collapse560" aria-controls="collapse560" href="#" aria-expanded="false" tabindex="0"><i aria-hidden="true" role="presentation" class="ea-expand-icon eap-icon-ea-expand-plus"></i> Olet tässä &#8211; Terhi Kangas</a></h3><div class="sp-collapse spcollapse spcollapse" id="collapse560" data-parent="#sp-ea-56" role="region" aria-labelledby="ea-header-560"> <div class="ea-body"><p style="text-align: center"><span style="font-family: helvetica"><em>Kappas vuori, nyt kiivetään</em>&#8221;- asenne on kuljettanut minua periksiantamattomalla sisulla,</span><br /><span style="font-family: helvetica">empaattisilla kohtaamisilla,</span><br /><span style="font-family: helvetica">toiveikkailla tulevaisuudennäkymillä.</span></p><p><span style="font-family: helvetica"><strong>Olen työskennellyt monipuolisesti eri sosiaali &#8211; ja terveydenhuollossa mm</strong>.;</span><br /><span style="font-family: helvetica">vammaistyössä lasten ja aikuisten parissa,</span><br /><span style="font-family: helvetica">varhaiskasvatuksen opettajana,</span><br /><span style="font-family: helvetica">varhaiskasvatuksen esihenkilötyössä,</span><br /><span style="font-family: helvetica">lastensuojelutyössä laitoksissa ja perheohjaajana,</span><br /><span style="font-family: helvetica">hanketyöntekijänä,</span><br /><span style="font-family: helvetica">kriisi- ja väkivaltatyössä,</span><br /><span style="font-family: helvetica">UNICEF lapsiystävällinen kunta mallin koordinaattorina ja</span><br /><span style="font-family: helvetica">Tulevaisuuden sote-keskus hankkeessa Etelä-Pohjanmaan alueella perhekeskuskoordinaattorina.</span></p><p style="text-align: center"><span style="font-family: helvetica">Eniten elämästä olen oppinut aikana, kun toivoin saada tulla äidiksi.</span><br /><span style="font-family: helvetica">Toiveista suurimman toteuduttua koen vanhemmuuteni muuttaneen minua yhä vastuuntuntoisemmaksi</span><br /><span style="font-family: helvetica">ja uteliaammaksi ottamiaan selvää miten meidän tulisi täällä, ainutkertaisella elämän ajanjaksolla, aikamme viettää.</span></p><p style="text-align: center"><span style="font-family: helvetica">Lähdin tutkimaan omaa sisintäni ja kiinnostuin syvemmin mielen voimasta ja itsetuntemuksesta sekä omaan kehoon luottamisesta.</span></p><p>&nbsp;</p><p><span style="font-family: helvetica">Olet tässä- matkalla kanssasi voimme rakentaa ratkaisukeskeistä lyhytterapiaa joko yksilöllisesti vain sinun polullasi tai yhdessä puolisosi kanssa. Voimme rakentaa matkan sen mittaiseksi, miltä se sinusta tuntuu. <strong>Toiveet, unelmat ja hyvinvoinnin eri teemat, menetykset, elämänvaiheen erilaiset prosessit, mahdollisuuksien rakentaminen tai irrottaminen. Mitä tahansa elämä tuokaan vastaan.</strong> Ratkaisukeskeinen lyhytterapia on avain lukkoosi ja unelmien ääneen sanoittamiseen. </span></p><p>&nbsp;</p></div></div></div><div class="ea-card sp-ea-single"><h3 class="ea-header"><a class="collapsed" id="ea-header-561" role="button" data-sptoggle="spcollapse" data-sptarget="#collapse561" aria-controls="collapse561" href="#" aria-expanded="false" tabindex="0"><i aria-hidden="true" role="presentation" class="ea-expand-icon eap-icon-ea-expand-plus"></i> Koulutukseni</a></h3><div class="sp-collapse spcollapse spcollapse" id="collapse561" data-parent="#sp-ea-56" role="region" aria-labelledby="ea-header-561"> <div class="ea-body"><ul><li style="text-align: left">Lähihoitaja 2007</li><li style="text-align: left">Sosionomi (AMK) 2012</li><li style="text-align: left">Johtamisen erikoisammattitutkinto 2015</li><li style="text-align: left">Vapaaehtoinen doula 2016</li><li style="text-align: left">Seksuaalineuvoja 2023</li><li style="text-align: left">Ratkaisukeskeinen lyhytterapeutti 2024</li><li>Sosionomi (yAMK) opiskelija, lapsi &#8211; ja perhepalveluiden kehittäminen, 2024-</li></ul><p></p></div></div></div><div class="ea-card sp-ea-single"><h3 class="ea-header"><a class="collapsed" id="ea-header-562" role="button" data-sptoggle="spcollapse" data-sptarget="#collapse562" aria-controls="collapse562" href="#" aria-expanded="false" tabindex="0"><i aria-hidden="true" role="presentation" class="ea-expand-icon eap-icon-ea-expand-plus"></i> Olen tukenasi</a></h3><div class="sp-collapse spcollapse spcollapse" id="collapse562" data-parent="#sp-ea-56" role="region" aria-labelledby="ea-header-562"> <div class="ea-body"><blockquote><p style="text-align: left"><span style="font-family: helvetica">Elämä on täynnä vaiheita, erilaisia tilanteita ja joskus voi tulla jopa epätoivoiselta näyttäytyviä hetkiä ja vastoinkäymisiä.</span><br /><span style="font-family: helvetica">Mieli yrittää pysyä aallokossa mukana ja kompassi pyörii välillä kartalla ympyrää ja on vaikea hahmottaa missä oma paikka kulloinkin on.</span></p><p style="text-align: center"><strong><span style="font-family: helvetica">Ratkaisukeskeinen lyhytterapia auttaa löytämään oman paikan ja</span></strong><br /><strong><span style="font-family: helvetica">hahmottamaan oman elämän suuntaviivoja yhä kirkkaammin.</span></strong></p><p style="text-align: left"><span style="font-family: helvetica">Olen toteuttanut erilaisia luentokokonaisuuksia arjessa jaksamisen, parisuhteen voimavarojen,</span><br /><span style="font-family: helvetica">voimattomuuden, arvopohjan ja uusien näkökulmien etsimisen äärellä erilaisille ryhmille.</span></p><p style="text-align: left"></blockquote><p style="text-align: left"></div></div></div></div></div></div>


<p class="has-text-align-center has-tertiary-color has-text-color has-medium-font-size"><em>Pohditko paikkaasi tällä elämän kartalla? Millaiset vahvuudet sinua kuljettavat? Voisinko olla apunasi löytämässä mihin tiesi vie?🤍</em></p>



<p class="has-text-align-center has-tertiary-color has-text-color has-dm-sans-font-family has-medium-font-size" style="letter-spacing:3px"><br><strong>Tervetuloa asiakkaakseni.</strong></p>
</div><figure class="wp-block-media-text__media"><img loading="lazy" decoding="async" width="459" height="1024" src="https://www.rohkeudentiella.fi/wp-content/uploads/2025/02/omakuva-459x1024.jpg" alt="" class="wp-image-581 size-full" srcset="https://www.rohkeudentiella.fi/wp-content/uploads/2025/02/omakuva-459x1024.jpg 459w, https://www.rohkeudentiella.fi/wp-content/uploads/2025/02/omakuva-134x300.jpg 134w, https://www.rohkeudentiella.fi/wp-content/uploads/2025/02/omakuva-768x1715.jpg 768w, https://www.rohkeudentiella.fi/wp-content/uploads/2025/02/omakuva-688x1536.jpg 688w, https://www.rohkeudentiella.fi/wp-content/uploads/2025/02/omakuva-917x2048.jpg 917w, https://www.rohkeudentiella.fi/wp-content/uploads/2025/02/omakuva.jpg 1080w" sizes="auto, (max-width: 459px) 100vw, 459px" /></figure></div>
</div>
</div>
</div>



<p></p>
</div>

<p>Terhi Kangas Olet tässä- toiminimeni Rohkeudentiellä on saanut ajatuksen aikana, kun itse tarvitsin keskusteluapua. Sain lohtua ajatuksesta, kunhan tulen itse ensin vahvemmaksi, tulen kuuntelemaan, kohtaamaan ja tukemaan heitä jotka apua toisinaan tarvitsevat. Koen, että parhaimmillaan tukea voi saada sellaiselta, joka on itsekin tarvinnut apua elämän mittaisella matkalla. Vahvuuteni on löytää sinun vahvuutesi. Olen tukenasi elämänmuutoksessa, [&hellip;]</p>
